What is the hundreds digit of 77990?
9
What is the hundreds digit of 2550?
5
What is the tens digit of 2127?
2
What is the units digit of 20897?
7
What is the thousands digit of 53981?
3
What is the hundreds digit of 5092?
0
What is the hundreds digit of 15159?
1
What is the hundreds digit of 238?
2
What is the thousands digit of 4545?
4
What is the units digit of 3351?
1
What is the hundreds digit of 13967?
9
What is the ten thousands digit of 34519?
3
What is the hundred thousands digit of 125522?
1
What is the thousands digit of 5129?
5
What is the hundreds digit of 4901?
9
What is the hundreds digit of 16539?
5
What is the hundreds digit of 17107?
1
What is the hundreds digit of 25623?
6
What is the tens digit of 594?
9
What is the tens digit of 4671?
7
What is the ten thousands digit of 133045?
3
What is the tens digit of 1092?
9
What is the thousands digit of 1528?
1
What is the hundreds digit of 177?
1
What is the units digit of 426?
6
What is the hundreds digit of 132095?
0
What is the thousands digit of 1855?
1
What is the tens digit of 26051?
5
What is the hundreds digit of 410?
4
What is the ten thousands digit of 66870?
6
What is the units digit of 111063?
3
What is the ten thousands digit of 21005?
2
What is the units digit of 50489?
9
What is the hundreds digit of 1086?
0
What is the units digit of 92642?
2
What is the hundreds digit of 4069?
0
What is the thousands digit of 22096?
2
What is the tens digit of 79888?
8
What is the units digit of 1492?
2
What is the hundred thousands digit of 167496?
1
What is the hundreds digit of 16890?
8
What is the tens digit of 4284?
8
What is the tens digit of 11633?
3
What is the hundreds digit of 7682?
6
What is the thousands digit of 11314?
1
What is the tens digit of 3274?
7
What is the units digit of 6734?
4
What is the units digit of 620?
0
What is the units digit of 1566?
6
What is the tens digit of 101015?
1
What is the hundreds digit of 4309?
3
What is the hundreds digit of 828?
8
What is the tens digit of 161?
6
What is the tens digit of 665?
6
What is the hundreds digit of 11780?
7
What is the units digit of 2058?
8
What is the units digit of 93399?
9
What is the tens digit of 34969?
6
What is the ten thousands digit of 53837?
5
What is the hundreds digit of 6179?
1
What is the ten thousands digit of 22093?
2
What is the tens digit of 12392?
9
What is the thousands digit of 90185?
0
What is the tens digit of 30425?
2
What is the tens digit of 1628?
2
What is the ten thousands digit of 150237?
5
What is the units digit of 3146?
6
What is the thousands digit of 98234?
8
What is the thousands digit of 59804?
9
What is the tens digit of 64?
6
What is the units digit of 14414?
4
What is the thousands digit of 4277?
4
What is the ten thousands digit of 63253?
6
What is the tens digit of 132?
3
What is the thousands digit of 1323?
1
What is the thousands digit of 2869?
2
What is the units digit of 636?
6
What is the hundreds digit of 494?
4
What is the hundreds digit of 100668?
6
What is the tens digit of 1568?
6
What is the hundreds digit of 118156?
1
What is the thousands digit of 23719?
3
What is the hundreds digit of 62783?
7
What is the hundreds digit of 2717?
7
What is the hundreds digit of 1432?
4
What is the hundreds digit of 6601?
6
What is the ten thousands digit of 11969?
1
What is the units digit of 342?
2
What is the tens digit of 100?
0
What is the tens digit of 24436?
3
What is the hundreds digit of 1237?
2
What is the hundreds digit of 1677?
6
What is the units digit of 34744?
4
What is the tens digit of 2039?
3
What is the hundreds digit of 16603?
6
What is the tens digit of 840?
4
What is the tens digit of 96404?
0
What is the thousands digit of 7192?
7
What is the ten thousands digit of 25587?
2
What is the hundreds digit of 50200?
2
What is the hundreds digit of 11669?
6
What is the tens digit of 22425?
2
What is the tens digit of 9492?
9
What is the hundreds digit of 1381?
3
What is the thousands digit of 1142?
1
What is the tens digit of 871?
7
What is the thousands digit of 47005?
7
What is the ten thousands digit of 61064?
6
What is the ten thousands digit of 15508?
1
What is the thousands digit of 1671?
1
What is the tens digit of 96267?
6
What is the hundreds digit of 1687?
6
What is the thousands digit of 95242?
5
What is the units digit of 3374?
4
What is the thousands digit of 1799?
1
What is the thousands digit of 5092?
5
What is the hundreds digit of 44945?
9
What is the units digit of 32791?
1
What is the tens digit of 1890?
9
What is the tens digit of 2528?
2
What is the tens digit of 4684?
8
What is the ten thousands digit of 10047?
1
What is the units digit of 4303?
3
What is the units digit of 1562?
2
What is the units digit of 1296?
6
What is the hundreds digit of 3380?
3
What is the hundreds digit of 4805?
8
What is the tens digit of 1336?
3
What is the tens digit of 1340?
4
What is the thousands digit of 170630?
0
What is the thousands digit of 6319?
6
What is the units digit of 1899?
9
What is the units digit of 83?
3
What is the thousands digit of 11368?
1
What is the tens digit of 8582?
8
What is the thousands digit of 6712?
6
What is the tens digit of 21013?
1
What is the thousands digit of 17822?
7
What is the units digit of 2057?
7
What is the tens digit of 1071?
7
What is the hundreds digit of 93819?
8
What is the units digit of 13630?
0
What is the hundreds digit of 126?
1
What is the tens digit of 7647?
4
What is the thousands digit of 3833?
3
What is the thousands digit of 19574?
9
What is the hundreds digit of 46399?
3
What is the hundreds digit of 1023?
0
What is the tens digit of 69903?
0
What is the units digit of 14059?
9
What is the hundreds digit of 4656?
6
What is the hundreds digit of 2595?
5
What is the thousands digit of 3769?
3
What is the ten thousands digit of 41623?
4
What is the units digit of 113918?
8
What is the hundreds digit of 62036?
0
What is the hundreds digit of 1583?
5
What is the thousands digit of 6349?
6
What is the thousands digit of 3434?
3
What is the tens digit of 13217?
1
What is the thousands digit of 2639?
2
What is the tens digit of 39781?
8
What is the hundreds digit of 13114?
1
What is the hundreds digit of 4082?
0
What is the tens digit of 181?
8
What is the tens digit of 931?
3
What is the hundreds digit of 47672?
6
What is the hundreds digit of 69483?
4
What is the ten thousands digit of 11764?
1
What is the ten thousands digit of 20200?
2
What is the tens digit of 169?
6
What is the units digit of 4504?
4
What is the tens digit of 38865?
6
What is the ten thousands digit of 190171?
9
What is the thousands digit of 6369?
6
What is the thousands digit of 39114?
9
What is the tens digit of 56887?
8
What is the tens digit of 1001?
0
What is the tens digit of 730?
3
What is the units digit of 795?
5
What is the tens digit of 4423?
2
What is the hundreds digit of 873?
8
What is the hundreds digit of 1990?
9
What is the units digit of 854?
4
What is the hundreds digit of 2099?
0
What is the tens digit of 328?
2
What is the hundreds digit of 21884?
8
What is the units digit of 3071?
1
What is the hundred thousands digit of 108034?
1
What is the hundreds digit of 12290?
2
What is the tens digit of 6514?
1
What is the thousands digit of 3805?
3
What is the units digit of 21?
1
What is the hundreds digit of 36696?
6
What is the thousands digit of 11600?
1
What is the hundreds digit of 10467?
4
What is the units digit of 806?
6
What is the thousands digit of 54075?
4
What is the thousands digit of 1550?
1
What is the thousands digit of 1525?
1
What is the thousands digit of 1083?
1
What is the hundreds digit of 241?
2
What is the hundreds digit of 33571?
5
What is the tens digit of 271?
7
What is the tens digit of 792?
9
What is the units digit of 21273?
3
What is the hundreds digit of 930?
9
What is the ten thousands digit of 10623?
1
What is the units digit of 2208?
8
What is the tens digit of 12761?
6
What is the tens digit of 1133?
3
What is the hundreds digit of 107?
1
What is the units digit of 901?
1
What is the units digit of 675?
5
What is the units digit of 971?
1
What is the hundreds digit of 2234?
2
What is the ten thousands digit of 15374?
1
What is the tens digit of 1302?
0
What is the units